e units digit of m?
1
Let p(x) = -2*x + 35. Let m be p(17). Suppose -7 = -4*j + m. Suppose j*k = -3*k + 100. What is the tens digit of k?
2
Let h(y) be the first derivative of 13*y**5/60 + y**4/24 - y**3/3 - 12*y**2 - 9. Let u(s) be the second derivative of h(s). What is the tens digit of u(-2)?
4
Let f be 2/9 + 0 + (-12104)/36. Let r = 644 + f. What is the units digit of r?
8
Let j be 16 + -11 + 0/(-1). Suppose -2*d = -2*k + 1460, 0 = k - j*d + 29 - 759. What is the units digit of k?
0
Let q = -4331 + 17225. What is the thousands digit of q?
2
Suppose -6*a - 180783 = 28*a - 563453. What is the ten thousands digit of a?
1
What is the thousands digit of 38 + 27403 + -1 + -1?
7
Let u(q) = 20*q**3 + 6*q**2 + 3*q - 59. What is the tens digit of u(6)?
9
Let x(o) = -10 - 12 + 3 - 19*o + 16*o**2 - 18*o**2 + o. What is the units digit of x(-7)?
9
Let l be 230*((2 - 0) + -3). Let y = 293 - l. What is the units digit of y?
3
Let o be 4 + (-3 - -5) - -4099. Suppose o + 33479 = 18*h. What is the thousands digit of h?
2
Let t(d) = 17*d - 234. Let r be t(14). Suppose r*i = -12, -22*l - 3*i + 1398 = -19*l. What is the units digit of l?
9
Suppose 245*d + 192109 = 88*d + 3637474. What is the thousands digit of d?
1
Let b = -536 + 3812. Suppose 6*k - 2664 = b. What is the units digit of k?
0
Let k(p) = -34*p + 8. Let g be k(6). Let d = -410 - -300. Let t = d - g. What is the units digit of t?
6
Suppose -3*m - 20 = 2*m. Let q be (-5)/(-5) - 5 - m. What is the tens digit of 80 - (6/3 - q)?
7
Let w = -4304 + 12902. What is the thousands digit of w?
8
Let u(d) = d**3 - 2*d**2 - 16*d - 6. Let v be u(-3). What is the units digit of v/2 + 876/24 + -11?
4
Suppose -4*k + 2 = -5*u + 23, -4*k - 16 = -4*u. Suppose -2510 = -2*d + m - u*m, -5*m = -2*d + 2465. What is the units digit of d?
5
Suppose 2*i - 61137 = -v - 14268, -5*i + 3*v + 117134 = 0. What is the units digit of i?
1
Let x(s) = 543*s + 7864. What is the ten thousands digit of x(26)?
2
Suppose -75 = 19*b - 170. Suppose -5*k = -b, 3*c + 0*c - 904 = -k. What is the hundreds digit of c?
3
Let h be -3 - -789 - 96/(-12). Suppose 2*d - 1508 = -2*q, 35 - h = -q + 4*d. What is the units digit of q?
5
Suppose 4*f - 3*w - 45829 = 0, 0 = -2*f - 1202*w + 1207*w + 22925. What is the tens digit of f?
5
Let m(x) = -9*x + 248. Let g be m(12). Let p = 81 + g. What is the units digit of p?
1
Let x(t) = t**2 + 19*t - 14. Let m be x(-21). Suppose 32*o = m*o + 188. What is the units digit of o?
7
Let m(s) = 809*s**2 - 49*s - 143. What is the hundreds digit of m(-3)?
2
Let h(o) = -30*o**3 + 6 - 7 - 6*o + 18*o**2 - 18*o**2. What is the units digit of h(-2)?
1
Suppose 4*x - 7*b + 3*b = 40156, 70249 = 7*x - b. What is the units digit of x?
5
Let u be (-2)/(1*-1) + (-102)/(-51). Suppose 344 = -u*c - 0*c. Let o = c - -154. What is the tens digit of o?
6
Let x be ((-5)/(-2))/((-2)/(-20)). Suppose -9*a + 2 = -x. Suppose a*c + 3*p = 4*p + 56, 0 = 5*c - 4*p - 98. What is the tens digit of c?
1
Let v = 515 + -517. What is the hundreds digit of (v + -1853)*9/(-15)?
1
Suppose m = 4*q - 20, -4*q - m = -2*q - 10. Suppose -2*a - 131 = 3*d, q*d = 2*d + 4*a - 143. What is the units digit of (-1 + 2/1)/((-3)/d)?
5
Suppose 169*o = 4654 + 38272. What is the tens digit of o?
5
Let p(h) = -h**3 + 4*h**2 + 15*h - 12. Let f be p(6). Suppose 1380 = -u + f*u. Let t = -175 + u. What is the hundreds digit of t?
1
Suppose -4*f + 35940 + 2396 = 5*y, -3*f - 3*y + 28749 = 0. What is the hundreds digit of f?
5
Let l(v) be the third derivative of v**6/24 - v**4/24 + 311*v**3/3 - 5*v**2 + 1. What is the units digit of l(0)?
2
Suppose -1275*o + 1278*o - 19902 = 0. Suppose -7*r + o = -4349. What is the tens digit of r?
6
Suppose 0 = 9*t - 0*t + 4887. Let z = t + 1280. What is the units digit of z/33 - (-4)/(-3)?
1
Let k = -3240 + 5593. What is the thousands digit of k?
2
Suppose m = 5*k + 1048, -3*k + 4*m - 636 = m. Let s = -111 - k. Suppose -8*r + s = -790. What is the units digit of r?
1
Suppose 0 = -18*z + 21*z - 12. Suppose 3*j = -z*f + 127, 5*f - 182 = 5*j - j. What is the tens digit of f?
3
Suppose -r = 5*m - 48862, 0 = -772*r + 776*r + m - 195467. What is the ten thousands digit of r?
4
Let b = -1764 + 3539. Suppose -5*y + 1880 = -b. What is the hundreds digit of y?
7
Let p(q) = 5*q + 29. Let s be p(-5). Suppose -s*l + 343 + 9 = 2*d, -3*d + 261 = 3*l. What is the units digit of l?
9
Suppose -29*i + 28*i = -2*b + 3012, -2*b - i = -3016. What is the units digit of b?
7
Suppose -3*h + 36786 = -5*c, -5*h = 1884*c - 1883*c - 61366. What is the thousands digit of h?
2
Suppose 22*m - 87 = -7*m. Suppose -4*h + m*k = -1770, -k = -h - 0*h + 442. What is the hundreds digit of h?
4
Suppose -18779 = 21*w - 80183. What is the thousands digit of w?
2
Let f(r) = r**2 - 6*r - 6. Let t be f(7). Let d be (t + 1)*(-5 + 3). Let u(a) = -20*a + 9. What is the units digit of u(d)?
9
Let p be 32/(-40) - (-2 - (-1788)/(-10)). What is the tens digit of 5*12/p*(771 + 0)?
5
Let o(t) = t**3 - 18*t**2 - 19*t + 61. Let q be o(14). Let n = q + 2196. What is the tens digit of n?
0
Let q be (-6 - -3) + -3 + -2538. What is the tens digit of ((-6)/(-2))/((-72)/q)?
0
Suppose -8*x = 97 + 1735. What is the hundreds digit of (12 - 14)*(-3 + x)?
4
Let r(w) = -4*w + 5*w - 23 + 43. Let a be r(-10). Suppose 632 = a*v - 2*v. What is the tens digit of v?
7
Let w be 20/(-8)*-2*6/(-5). Let o(p) = 53*p + 63. Let g(k) = -k - 1. Let q(a) = w*g(a) - o(a). What is the units digit of q(-6)?
5
Let s be ((0 - 1)*-2)/(48/1032). Let v = -33 + s. Suppose 0 = -15*l + v*l - 5, -4*l - 52 = -c. What is the tens digit of c?
4
Let q be (-1 - -19)*(1 + (-3 - -19)). Let w = -86 + q. What is the tens digit of w?
2
Let v be 7/(-42) - (-110)/12. What is the units digit of (4797 - 1)*((-455)/52 + v)?
9
Let g(b) = -b**2 - 7*b + 6. Suppose 5*d = -k - 23, -d + 2*d - 2*k + 9 = 0. Let w = d - 1. What is the units digit of g(w)?
2
Let u = 40 - 38. Suppose u*k - 4*z - 478 = 0, 9*k + 2*z - 749 = 6*k. What is the hundreds digit of k?
2
Let f(m) = -906*m + 90. Let l be f(-2). Suppose 5*o - 3*a = 1368 + l, -1339 = -2*o - 5*a. What is the tens digit of o?
5
Let r be 21/(-14)*-1*2. Suppose 4*g = -i - 10 + 75, -r*g = 4*i - 195. What is the units digit of 1 + i + (-6 - -4)?
4
Suppose 37*l = 1498458 - 632473. What is the thousands digit of l?
3
Suppose -4618502 = -256*i + 755558 + 1623444. What is the units digit of i?
4
Let s be (-240)/(-2)*(51/(-85) - (2 - 3)). Let o = 5 + 6. Let t = s - o. What is the units digit of t?
7
Suppose 2*d - 11 + 7 = 0. Suppose -5*h - 792 = -d*w + 723, 4*w - 2*h = 2990. What is the units digit of w?
5
Suppose 0 = c + q + 3*q + 193, -3*c - 3*q = 606. Let f = -17 - c. What is the tens digit of f?
8
Let o(a) = -a**3 - 18*a**2 + 17*a - 33. Let k be o(-19). What is the units digit of (-68)/(-102)*(1 + k)?
4
Suppose -4*y + 198 = -r + 3*r, 3*y = -2*r + 151. Let j = y + -43. What is the tens digit of 270 + (12/(-10))/(j/10)?
6
Let a = -1081 + 860. Suppose q = -4*q - 770. Let z = q - a. What is the units digit of z?
7
What is the hundreds digit of 1338730/250 + (-4)/(-50)?
3
Let d = 157 + 142. Suppose 3*c - 843 = 4*n + 68, c = -n + d. What is the hundreds digit of c?
3
Suppose -194122 = 71*s - 1437190. What is the thousands digit of s?
7
Let u = 3755 - -535. What is the hundreds digit of u?
2
Let z(d) = 215*d**2 + d + 2. Let y be (-84)/(-39) + ((-40)/(-65))/(-4). Let c be y/(5 + (-3 - 4)). What is the hundreds digit of z(c)?
2
Suppose 234320 = 6*r - 2*x, -10*x + 15*x = -20. What is the thousands digit of r?
9
Suppose 0 = -q - 3*v + 143, 2*q + v = -0*q + 281. Let c = -100 + q. What is the units digit of (c/(-35) + 2)*14?
2
Let g(k) = -57*k - 4. Let n = -71 + 85. Let i be (-32)/n + (20/(-28) - -1). What is the units digit of g(i)?
0
Suppose -85*r - 2*r = -859647. What is the hundreds digit of r?
8
Let v(p) = 2*p**2 + 18*p + 18. Let g be v(-23). Suppose 4*c - g = 534. What is the hundreds digit of c?
2
Let h(w) = -w**3 + 4*w**2 + 15*w - 16. Let d be h(6). Suppose 3*r + 2*v = 2621, -74*r + 73*r + d*v = -863. What is the tens digit of r?
7
Suppose -2*w + 135475 = 138*r - 143*r, 3*w + 5*r - 203225 = 0. What is the ten thousands digit of w?
6
Let q be 0 + 2 - (-10 + 2). Let n(z) = 29*z - 14. Let k be n(q). Let d = k + -181. What is